- 5/(-2). Suppose 2*p = -a*p - 15. Let k = p - -39. What is the highest common factor of 24 and k?
12
Suppose 166 = 3*u + 5*n, -2*n - n = -2*u + 117. Calculate the highest common factor of u and 38.
19
Let m = -30 + 61. What is the greatest common factor of 93 and m?
31
Suppose -1740 = -4*s - 8*s. What is the greatest common divisor of s and 58?
29
Suppose -t + 12 = 4. Calculate the greatest common divisor of 24 and t.
8
Let q(o) = o**3 + 19*o**2 - 20*o + 2. Let g be q(-20). What is the greatest common divisor of 2 and g?
2
Suppose -63 = -6*s + 3*s. Suppose -s = -4*d + 19. Calculate the greatest common divisor of d and 10.
10
Let h = -39 - -81. Calculate the highest common divisor of 14 and h.
14
Let m be (336/18)/(1/3). Suppose -12 - m = -2*k. Suppose 298 = 3*b + k. What is the greatest common factor of 11 and b?
11
Let f be -3*-3*6/27. Let c be f + 5 - 1 - 0. What is the highest common divisor of 4 and c?
2
Let s be 7*1*(1 - 0). Suppose 5*r - s = -3*g, 4*r + 4*g + 0 = 4. Calculate the highest common divisor of 1 and r.
1
Let f(s) = s**3 - s**2 - s + 1. Let h be f(3). Let b = 22 - h. Calculate the greatest common divisor of b and 9.
3
Suppose q = -c + 4, -4*c + 6*q - 2*q = 0. Suppose -12*d + 27*d = 120. Calculate the greatest common factor of d and c.
2
Let n(v) = 14*v - 4. Let m be n(3). Let s = -8 + m. What is the highest common factor of 10 and s?
10
Let v be 2 - (-9)/2*8. Suppose 4*w = v + 94. What is the highest common divisor of 11 and w?
11
Let i be -7*(1 - 8)/7. Suppose 2*c = 2*p - c - 14, -5*p + 2*c + 35 = 0. Calculate the greatest common divisor of p and i.
7
Suppose 3*r = 4*m - 69, -6*r + 2*r + 20 = 0. Calculate the greatest common divisor of 14 and m.
7
Let k(d) = -d**3 - 9*d**2 - 8. Let m be k(-8). Let n = 122 + m. What is the highest common divisor of 10 and n?
10
Let w be (5/4)/((-2)/8). Let z be w + 3 + 10/1. Suppose -f + 31 = -3*y + z, -f + 3 = 2*y. What is the highest common factor of f and 33?
11
Let n be 8/6*(1 + -1 - -24). Calculate the highest common divisor of n and 48.
16
Let z = 66 - 36. Calculate the highest common divisor of 30 and z.
30
Let o(n) = 2*n - 4*n + 12*n**3 + 3*n - 3*n**3 - 6*n**2 + 1. Let f be o(4). Suppose -10 = -3*w + f. Calculate the greatest common divisor of 15 and w.
15
Suppose -43 = -4*r + 137. Calculate the greatest common factor of r and 18.
9
Suppose -z = -1 - 1. Let x be (-8 + -2)*z/(-5). Calculate the highest common factor of 32 and x.
4
Let h = -52 + 88. What is the greatest common divisor of 45 and h?
9
Let r = -30 + 66. Calculate the highest common divisor of r and 144.
36
Let r(l) = -6*l**2 - 6*l. Let a(o) = 5*o**2 + 5*o. Let t(d) = 7*a(d) + 6*r(d). Let c be t(1). Let n = 0 - c. What is the highest common divisor of 2 and n?
2
Suppose -2*d = 2*u - 50, -5*d + 5*u + 3 + 72 = 0. What is the highest common factor of 160 and d?
20
Let f(v) = 3*v - 75. Let s be f(31). What is the greatest common divisor of s and 12?
6
Let h = 30 - 17. Let v = 2 + -5. Let d be (119 - 2)*(-2 - v). Calculate the greatest common factor of h and d.
13
Suppose -6*w - 6 = -24. Let x be (18/(-4))/(2/(-4)). Calculate the highest common factor of x and w.
3
Suppose 6*o + 16 = 5*o. Let g be 3*(o/(-6) - 0). Let z = -2 - -10. Calculate the highest common factor of g and z.
8
Suppose -n = -119 - 43. What is the highest common divisor of 18 and n?
18
Let y be 24/10 - (-12)/20. Suppose 66 = y*h + 2*p, -2*h + 4*p = -p - 25. What is the greatest common divisor of 80 and h?
20
Let z(c) = -107*c**3 - 2*c - 1. Let a be z(-1). Suppose 20 = -4*r, -4*f + 35 = -2*f + r. Let y = a - f. What is the highest common factor of y and 11?
11
Suppose 0 = 6*q - q - 10. Let i be 99 + (-1)/1 - q. Calculate the greatest common divisor of i and 12.
12
Let b be 2328/21 - 2*(-4)/56. What is the greatest common factor of 37 and b?
37
Suppose -2*y - y + 6 = 0. Suppose -3 = s - y. Let g be 5*(s + (-208)/(-10)). What is the greatest common factor of g and 9?
9
Suppose 0 = -0*o - 3*o + 78. Calculate the highest common divisor of 39 and o.
13
Suppose 2*z = q - 8, -z - 28 = -4*q + 3*z. Let b(t) = -t**2 + 8*t - 2. Let l be b(q). What is the highest common factor of l and 10?
10
Suppose -r - 2*r - 2*z + 297 = 0, r = -3*z + 99. Let i = -67 + r. What is the greatest common divisor of i and 16?
16
Let i = 8 + 10. Suppose -5*l + 54 + 666 = 0. What is the highest common factor of l and i?
18
Let l be 62 + ((-6)/2 - -6). What is the highest common divisor of l and 13?
13
Let m = 124 + -113. Calculate the greatest common factor of 33 and m.
11
Let f(b) = -b**3 + 14*b**2 - 12*b + 2. Let j be f(13). Suppose j = n - 0*n. Calculate the highest common factor of n and 15.
15
Suppose 0 = w + 9*w - 550. Calculate the greatest common divisor of w and 55.
55
Let f be -6*((-9)/(-2) + -2). Let t(c) = c + 16. Let z be t(f). Suppose -5*w + 0*w = -40. What is the greatest common factor of z and w?
1
Let z = -11 - -19. Suppose 3 = -2*b + 19. What is the highest common divisor of b and z?
8
Suppose 3*a + 3*c - 51 = 0, -2*a + 4 = c - 29. Calculate the greatest common divisor of 2 and a.
2
Suppose 5*c + 8 = -4*b, 3*b + 2*c - 3*c + 6 = 0. Let z = b - -3. Let i = -81 + 90. What is the greatest common divisor of i and z?
1
Let y(k) = 54*k**2 + 4*k. Let x be y(4). Suppose 6*o = 2*o + x. What is the greatest common divisor of 20 and o?
20
Suppose -42 = -3*l + y, -3*y + 21 = 2*l - 18. Calculate the highest common factor of l and 5.
5
Let r be 0 + 1118/4 - (-3)/6. What is the highest common divisor of 35 and r?
35
Suppose 0 = -4*t - 0*t + 8. Suppose 0 = -t*o + 5 + 23. What is the highest common divisor of o and 98?
14
Let v = 100 + -70. Let s be (-3)/21 + v/14. What is the highest common factor of s and 5?
1
Let s(q) = -5*q - 7. Let n be s(-5). Suppose -o - 1 = -5*i - 23, 4*o + 4*i - 112 = 0. What is the highest common divisor of n and o?
9
Let g(x) = x**2 + 4*x - 6. Let d be g(-6). Suppose -f = -d*f + 240. Calculate the greatest common factor of 12 and f.
12
Let i(d) = -12*d - 20. Let w be i(-3). What is the highest common factor of w and 40?
8
Suppose -51 + 1077 = 3*l. Calculate the greatest common factor of l and 38.
38
Let p be 120*(-1)/(-1)*(-8)/(-12). What is the highest common divisor of p and 10?
10
Suppose -32 = -n + 20. Suppose t = 2*f - 0*t - n, -5*f = -t - 127. Calculate the greatest common divisor of 5 and f.
5
Suppose 14*t - 7 = 7*t. Suppose -37 = -4*u - t. Let y = 9 - 0. Calculate the highest common divisor of u and y.
9
Let o(t) be the first derivative of 15*t**2/2 - 2. Let k be o(7). What is the greatest common factor of 15 and k?
15
Let y be 101 - 1*(-1 + 3). Calculate the highest common factor of 9 and y.
9
Let o be 2/12*3*52. What is the greatest common factor of 65 and o?
13
Let p(c) be the first derivative of -c**3/3 - 9*c**2/2 - 2*c + 3. Let a be p(-8). Suppose 0 = 3*y - 2 - 4. Calculate the greatest common divisor of a and y.
2
Suppose -2*v - 2*q = -20, 0*v - v = -3*q - 6. Suppose 2*k - 51 = -v. Calculate the greatest common divisor of 21 and k.
21
Suppose -5*n - 6 = -31. Suppose -d - 39 = -2*d + 2*c, n*d - 240 = -5*c. Calculate the highest common divisor of 15 and d.
15
Suppose 3*g = 26 + 7. Suppose -5*t + 5 = -0*t. Calculate the highest common factor of g and t.
1
Suppose -2*c = -0*c - 100. Suppose 0 = -2*b + 4. Suppose 4*m - 6 = -b*f + 4, 0 = -2*f - 10. What is the highest common divisor of m and c?
5
Let l = -8 + 13. Suppose 2*t - 49 = -l*x - 0, 24 = 2*x + 3*t. Calculate the highest common divisor of 81 and x.
9
Let u be 2/(-6) + (-49)/(-21) + -1. Calculate the greatest common factor of 1 and u.
1
Suppose 0*w - 56 = -4*w. Calculate the highest common divisor of w and 21.
7
Suppose 4*w - 36 = 140. Calculate the greatest common factor of 22 and w.
22
Let j = -13 - -24. Calculate the highest common factor of j and 44.
11
Suppose -4 = -4*i + 16. Suppose d - 4*o = 16, -3*d - 24 = -i*d + 4*o. Calculate the greatest common divisor of d and 72.
8
Let j(d) = -2*d**3 - 2*d**2 - 2*d - 1. Let p be j(-2). What is the highest common factor of p and 33?
11
Let v be (-42)/(-9) - (-2)/(-3). Suppose -5*l + v = -6. Suppose 2*a = 2*u - 10, -u - 5*a - 3 = -l. Calculate the greatest common factor of u and 12.
4
Suppose -44 = -4*h - 4. Let k = 32 - 57. Let a be (-62)/(-5) + h/k. Cal